
Is 295 a factor of 365637?
False
Is 612 a factor of 90782?
False
Does 15 divide 6710466?
False
Is 10175 a multiple of 5?
True
Does 595 divide 3100269?
False
Is 948272 a multiple of 97?
True
Does 57 divide 4142247?
True
Is 291 a factor of 1294181?
False
Does 18 divide 235004?
False
Is 40612 a multiple of 44?
True
Is 1341846 a multiple of 109?
False
Is 18 a factor of 3720942?
True
Is 122 a factor of 134970?
False
Is 152224 a multiple of 6?
False
Is 6 a factor of 52494?
True
Is 15 a factor of 1827561?
False
Is 29 a factor of 165046?
False
Is 87 a factor of 213199?
False
Is 31 a factor of 40610?
True
Is 858336 a multiple of 6?
True
Is 31 a factor of 6409579?
False
Does 13 divide 780183?
False
Is 24 a factor of 183360?
True
Does 58 divide 2113533?
False
Does 34 divide 65092?
False
Is 17 a factor of 7762427?
False
Is 30364950 a multiple of 462?
True
Does 551 divide 1679448?
True
Is 2523150 a multiple of 126?
True
Is 835 a factor of 3523700?
True
Is 3820995 a multiple of 19?
True
Does 227 divide 5392602?
False
Is 39 a factor of 754884?
True
Is 142080 a multiple of 3?
True
Does 92 divide 488980?
True
Is 63309 a multiple of 111?
False
Is 1211166 a multiple of 22?
True
Does 60 divide 399480?
True
Does 107 divide 527960?
False
Is 49 a factor of 6666741?
False
Is 3 a factor of 90657?
True
Is 36 a factor of 12115?
False
Is 5 a factor of 65855?
True
Does 47 divide 17745320?
True
Is 88 a factor of 2378376?
True
Is 48 a factor of 403680?
True
Is 24 a factor of 741048?
True
Is 43 a factor of 515169?
False
Is 568 a factor of 284296?
False
Is 3 a factor of 98552?
False
Is 13 a factor of 49723?
False
Is 13 a factor of 15513173?
True
Is 8 a factor of 1643720?
True
Is 336367 a multiple of 18?
False
Is 571 a factor of 15381027?
True
Is 20 a factor of 593320?
True
Is 269905 a multiple of 115?
True
Is 13 a factor of 177990?
False
Is 2219656 a multiple of 323?
True
Is 59440 a multiple of 743?
True
Is 29250 a multiple of 130?
True
Is 205493 a multiple of 320?
False
Is 2775890 a multiple of 163?
True
Does 11 divide 14795033?
True
Is 843570 a multiple of 618?
True
Is 189 a factor of 1844539?
False
Is 89226 a multiple of 42?
False
Does 22 divide 369688?
True
Does 29 divide 422734?
False
Does 13 divide 60489?
True
Is 1480441 a multiple of 611?
False
Does 12 divide 6492?
True
Is 29272 a multiple of 8?
True
Does 207 divide 321678?
True
Is 98 a factor of 296146?
False
Is 608716 a multiple of 510?
False
Is 1543344 a multiple of 24?
True
Does 61 divide 46160?
False
Is 1693423 a multiple of 31?
False
Is 56 a factor of 6861904?
True
Does 5 divide 170540?
True
Is 722628 a multiple of 75?
False
Is 345385 a multiple of 54?
False
Is 4381880 a multiple of 99?
False
Is 1398720 a multiple of 19?
False
Does 14 divide 3753733?
False
Does 139 divide 165095?
False
Is 28 a factor of 1753668?
True
Is 1156 a factor of 887113?
False
Does 31 divide 4890839?
True
Is 6949259 a multiple of 21?
False
Does 33 divide 5481322?
False
Is 41 a factor of 145263?
True
Is 8 a factor of 7698698?
False
Is 8648325 a multiple of 41?
False
Is 2255382 a multiple of 42?
False
Does 45 divide 64950?
False
Does 28 divide 21202435?
False
Does 78 divide 134228?
False
Does 10 divide 900230?
True
Does 73 divide 8637725?
True
Is 40 a factor of 199760?
True
Is 1710414 a multiple of 501?
True
Is 5 a factor of 115306?
False
Is 38332 a multiple of 7?
True
Is 965 a factor of 2822825?
False
Does 51 divide 34343?
False
Is 79334 a multiple of 28?
False
Is 98 a factor of 5796014?
True
Is 227 a factor of 1243533?
False
Does 6 divide 34753?
False
Is 32 a factor of 229184?
True
Is 21114791 a multiple of 93?
False
Does 204 divide 88042?
False
Is 38 a factor of 323342?
True
Is 7 a factor of 3766?
True
Is 25408 a multiple of 91?
False
Is 3195905 a multiple of 335?
False
Is 266464 a multiple of 11?
True
Does 3 divide 217217?
False
Does 6 divide 203978?
False
Is 160290 a multiple of 18?
True
Does 315 divide 264552?
False
Does 9 divide 4946490?
True
Is 267930 a multiple of 78?
True
Does 31 divide 1342145?
True
Is 3019702 a multiple of 5?
False
Is 148 a factor of 2038182?
False
Is 2515169 a multiple of 39?
False
Is 738360 a multiple of 252?
True
Does 28 divide 1118174?
False
Is 2645818 a multiple of 47?
True
Is 284376 a multiple of 492?
True
Does 1083 divide 1220541?
True
Is 37900 a multiple of 100?
True
Is 6609948 a multiple of 1138?
False
Is 1823431 a multiple of 224?
False
Is 265401 a multiple of 6?
False
Does 9 divide 517419?
True
Is 27 a factor of 113875?
False
Is 1913379 a multiple of 13?
True
Is 21 a factor of 104653?
False
Is 68 a factor of 170068?
True
Does 19 divide 861821?
True
Does 87 divide 11223?
True
Is 69 a factor of 1144158?
True
Is 279844 a multiple of 26?
False
Does 1633 divide 2586672?
True
Does 19 divide 1216?
True
Is 8195100 a multiple of 17?
False
Does 54 divide 161966?
False
Is 5011884 a multiple of 12?
True
Is 7 a factor of 93456?
False
Is 153718 a multiple of 239?
False
Is 45 a factor of 122895?
True
Is 291 a factor of 6827151?
True
Is 63 a factor of 588987?
True
Is 2 a factor of 7842?
True
Is 57326 a multiple of 38?
False
Is 71 a factor of 1338705?
True
Is 8203428 a multiple of 18?
True
Is 59 a factor of 12447820?
True
Does 14 divide 39788?
True
Is 338 a factor of 1043878?
False
Is 634363 a multiple of 2?
False
Is 849890 a multiple of 74?
True
Is 10 a factor of 7744?
False
Is 31284 a multiple of 20?
False
Is 434 a factor of 954800?
True
Does 109 divide 142027?
True
Is 64 a factor of 7104?
True
Is 141 a factor of 3638295?
False
Does 3 divide 10899?
True
Does 68 divide 446692?
True
Does 34 divide 356524?
True
Is 379613 a multiple of 95?
False
Is 21840 a multiple of 182?
True
Does 1200 divide 7792023?
False
Is 3555388 a multiple of 4?
True
Does 58 divide 225272?
True
Does 412 divide 3955808?
False
Is 8494564 a multiple of 93?
False
Does 572 divide 10021440?
True
Is 1057567 a multiple of 20?
False
Is 273 a factor of 853230?
False
Is 123646 a multiple of 378?
False
Does 27 divide 145366?
False
Is 209 a factor of 285912?
True
Is 530 a factor of 1839630?
True
Does 169 divide 57836?
False
Is 3102880 a multiple of 110?
True
Is 164 a factor of 167716?
False
Is 23560 a multiple of 2?
True
Is 42 a factor of 139734?
True
Does 3 divide 968563?
False
Is 299459 a multiple of 3?
False
Is 22 a factor of 87777?
False
Is 28904 a multiple of 2?
True
Does 73 divide 612613?
False
Does 37 divide 21989?
False
Is 19558980 a multiple of 30?
True
Is 36525 a multiple of 25?
True
Does 52 divide 201968?
True
Is 7 a factor of 2600388?
True
Is 27 a factor of 54594?
True
Does 13 divide 6615454?
False
Does 28 divide 128038?
False
Is 282147 a multiple of 58?
False
Does 38 divide 237275?
False
Does 5 divide 17927?
False
Does 308 divide 2184988?
False
Does 464 divide 483024?
True
Is 47 a factor of 1482069?
False
Is 225762 a multiple of 222?
False
Does 461 divide 18525954?
False
Is 58 a factor of 243658?
True
Is 1345892 a multiple of 94?
True
Is 140334 a multiple of 6?
True
Is 40 a factor of 242760?
True
Is 275 a factor of 240863?
False
Is 9372 a multiple of 2?
True
Does 48 divide 19822?
False
Does 261 divide 148633?
False
Is 230071 a multiple of 26?
False
Is 20 a factor of 14748029?
False
Is 13 a factor of 135581?
False
Does 41 divide 663421?
True
Is 57896 a multiple of 316?
False
Is 453600 a multiple of 84?
True
Is 1300 a factor of 1980503?
False
Is 97 a factor of 999092?
False
Does 10 divide 7879850?
True
Does 39 divide 62309?
False
Is 206352 a multiple of 8?
True
Does 69 divide 234562?
False
Does 42 divide 4845456?
True
Does 47 divide 5709?
False
Is 1366292 a multiple of 13?
False
Is 350346 a multiple of 15?
False
Does 48 divide 2688?
True
Is 551454 a multiple of 275?
False
Does 28 divide 9587433?
False
Is 850 a factor of 3759130?
False
Is 293871 a multiple of 8?
False
Does 2 divide 140598?
True
Is 15 a factor of 1028713?
False
Is 172340 a multiple of 88?
False
Is 31 a factor of 3278237?
False
Is 186 a factor of 895059?
False
Is 19 a factor of 2669234?
True
Does 340 divide 9105540?
True
Is 9 a factor of 1762418?
False
Is 4 a factor of 27140?
True
Is 109 a factor of 1142011?
False
Is 2047913 a multiple of 37?
True
Does 35 divide 459789?
False
Is 9628798 a multiple of 776?
False
Is 3 a factor of 732878?
False
Is 483362 a multiple of 254?
True
Doe